{"id":726,"date":"2019-01-25T15:58:37","date_gmt":"2019-01-25T14:58:37","guid":{"rendered":"http:\/\/xn--gdfosant33-i7a.fr\/?page_id=726"},"modified":"2024-01-15T15:26:04","modified_gmt":"2024-01-15T14:26:04","slug":"representants-fo-a-la-ccp","status":"publish","type":"page","link":"https:\/\/xn--gdfosant33-i7a.fr\/index.php\/representants-fo-a-la-ccp\/","title":{"rendered":"FO \u00e0 la Commission consultative paritaire"},"content":{"rendered":"\n<figure class=\"wp-block-image size-full\"><img loading=\"lazy\" decoding=\"async\" width=\"945\" height=\"462\" src=\"https:\/\/xn--gdfosant33-i7a.fr\/wp-content\/uploads\/2024\/01\/image-8.png\" alt=\"\" class=\"wp-image-1554\" srcset=\"https:\/\/xn--gdfosant33-i7a.fr\/wp-content\/uploads\/2024\/01\/image-8.png 945w, https:\/\/xn--gdfosant33-i7a.fr\/wp-content\/uploads\/2024\/01\/image-8-300x147.png 300w, https:\/\/xn--gdfosant33-i7a.fr\/wp-content\/uploads\/2024\/01\/image-8-768x375.png 768w\" sizes=\"(max-width: 945px) 100vw, 945px\" \/><\/figure>\n\n\n\n<p>1\u00b0 Aux licenciements intervenant post\u00e9rieurement \u00e0 la p\u00e9riode d&rsquo;essai ;<\/p>\n\n\n\n<p>2\u00b0 Au non-renouvellement du contrat des personnes investies d&rsquo;un mandat syndical ;<\/p>\n\n\n\n<p>3\u00b0 Aux sanctions disciplinaires autres que l&rsquo;avertissement et le bl\u00e2me.<\/p>\n\n\n\n<p>III.-Elles sont saisies pour avis, \u00e0 la demande de l&rsquo;agent int\u00e9ress\u00e9, dans le cas pr\u00e9vu \u00e0 l&rsquo;article 1er-3 et sur les questions d&rsquo;ordre individuel relatives :<\/p>\n\n\n\n<p>1\u00b0 Aux refus d&rsquo;autorisation d&rsquo;accomplir un service \u00e0 temps partiel ;<\/p>\n\n\n\n<p>2\u00b0 Aux refus de cong\u00e9s pour formation syndicale, cong\u00e9s pour formation de cadres et d&rsquo;animateurs pour la jeunesse, cong\u00e9s pour formation professionnelle, cong\u00e9s pour raisons familiales ou personnelles pour cr\u00e9ation d&rsquo;entreprise ou de mobilit\u00e9 ;<\/p>\n\n\n\n<p>3\u00b0 Aux refus d&rsquo;autorisation d&rsquo;absence pour suivre une action de pr\u00e9paration \u00e0 un concours administratif ou \u00e0 l&rsquo;acc\u00e8s \u00e0 une \u00e9cole, institution ou cycle pr\u00e9paratoire \u00e0 la fonction publique ou bien une action de formation continue.<\/p>\n\n\n\n<p>Lorsqu&rsquo;une commission consultative paritaire si\u00e8ge en mati\u00e8re disciplinaire, seuls les repr\u00e9sentants du personnel occupant un emploi de niveau au moins \u00e9gal \u00e0 celui de l&rsquo;agent dont le dossier est examin\u00e9, ainsi qu&rsquo;un nombre \u00e9gal de repr\u00e9sentants de l&rsquo;administration, sont appel\u00e9s \u00e0 d\u00e9lib\u00e9rer.<\/p>\n","protected":false},"excerpt":{"rendered":"<p>1\u00b0 Aux licenciements intervenant post\u00e9rieurement \u00e0 la p\u00e9riode d&rsquo;essai ; 2\u00b0 Au non-renouvellement du contrat des personnes investies d&rsquo;un mandat syndical ; 3\u00b0 Aux sanctions disciplinaires autres que l&rsquo;avertissement et le bl\u00e2me. III.-Elles sont saisies pour avis, \u00e0 la demande de l&rsquo;agent int\u00e9ress\u00e9, dans le cas pr\u00e9vu \u00e0 l&rsquo;article 1er-3 et sur les questions d&rsquo;ordre &hellip; <\/p>\n<p><a class=\"more-link btn\" href=\"https:\/\/xn--gdfosant33-i7a.fr\/index.php\/representants-fo-a-la-ccp\/\">Lire la suite<\/a><\/p>\n","protected":false},"author":1,"featured_media":1554,"parent":0,"menu_order":0,"comment_status":"closed","ping_status":"closed","template":"","meta":{"ngg_post_thumbnail":0,"footnotes":""},"_links":{"self":[{"href":"https:\/\/xn--gdfosant33-i7a.fr\/index.php\/wp-json\/wp\/v2\/pages\/726"}],"collection":[{"href":"https:\/\/xn--gdfosant33-i7a.fr\/index.php\/wp-json\/wp\/v2\/pages"}],"about":[{"href":"https:\/\/xn--gdfosant33-i7a.fr\/index.php\/wp-json\/wp\/v2\/types\/page"}],"author":[{"embeddable":true,"href":"https:\/\/xn--gdfosant33-i7a.fr\/index.php\/wp-json\/wp\/v2\/users\/1"}],"replies":[{"embeddable":true,"href":"https:\/\/xn--gdfosant33-i7a.fr\/index.php\/wp-json\/wp\/v2\/comments?post=726"}],"version-history":[{"count":4,"href":"https:\/\/xn--gdfosant33-i7a.fr\/index.php\/wp-json\/wp\/v2\/pages\/726\/revisions"}],"predecessor-version":[{"id":1639,"href":"https:\/\/xn--gdfosant33-i7a.fr\/index.php\/wp-json\/wp\/v2\/pages\/726\/revisions\/1639"}],"wp:featuredmedia":[{"embeddable":true,"href":"https:\/\/xn--gdfosant33-i7a.fr\/index.php\/wp-json\/wp\/v2\/media\/1554"}],"wp:attachment":[{"href":"https:\/\/xn--gdfosant33-i7a.fr\/index.php\/wp-json\/wp\/v2\/media?parent=726"}],"curies":[{"name":"wp","href":"https:\/\/api.w.org\/{rel}","templated":true}]}}